 3*a = 2*s + 14. Let q be a/(-12)*-9 - 30/(-2). What is the highest common divisor of 8 and q?
2
Let l(w) = -w**3 - 48*w**2 - 322*w + 56. Let x be l(-40). Calculate the greatest common factor of 3128 and x.
136
Let a be 27 + 10/(130/(-60) + 1/6). Calculate the highest common divisor of a and 6.
2
Let f be (2 - 1)/(9/41148*12). What is the highest common divisor of f and 254?
127
Suppose -107*a = 54*a - 1094800. What is the greatest common factor of 25 and a?
25
Suppose 2*i = 4*d + 8, i = 5*d + 3 + 1. Suppose 5*n = d, -p = -2*p + 2*n + 3. Suppose -4*b + p = -5. Calculate the greatest common divisor of b and 18.
2
Let d(t) = 59*t + 5762. Let u be d(-97). Calculate the greatest common factor of u and 3341.
13
Suppose 2*o = -2*n - n - 554, 2*n = -5*o - 1396. Let z be ((-2)/12)/(-6 + o/(-48)). Calculate the highest common divisor of z and 11.
1
Let m(r) = -r**3 + 18*r**2 - 45*r + 1. Let j(k) = k**3 - 5*k**2 - 2*k - 9. Let v be j(6). Let n be m(v). What is the greatest common divisor of n and 5?
1
Let f(a) = 9*a + 166. Let r be f(-18). Suppose -n + 40 = r*x, 0 = -4*x + 4*n - 7*n + 48. Calculate the highest common divisor of x and 369.
9
Let k be 82/(-451) - (-157043)/99 - 5/45. What is the greatest common divisor of k and 286?
26
Let b be (1 - (-1442)/42)/(1/6). What is the greatest common divisor of b and 212?
212
Let s = 78 + -74. Suppose -s*b - l + 0*l = -125, 4*b + 5*l = 145. Calculate the greatest common factor of 270 and b.
30
Let s = 2310 + -2137. Let j = 0 - 2. Let t = s + j. Calculate the greatest common factor of t and 19.
19
Let w = -936 - -943. Calculate the greatest common factor of w and 7.
7
Let x(m) = -2*m**2 + 44*m - 35. Let r be x(20). Let k be (-16)/(-6) + (-30)/r - -37. What is the highest common divisor of k and 39?
39
Suppose 14*u - 11*u = 417. Suppose -131*o + u*o = 208. Calculate the greatest common factor of o and 2.
2
Let m = 125 - 103. Suppose 0 = o - 5*o + 136. Suppose 3*a + b = -b + 31, 3*a - o = b. Calculate the highest common divisor of a and m.
11
Let d(v) = v**2 - 14*v + 63. Suppose l + 4*m - 22 = 0, -4*m + 2*m = -l - 2. Let u be d(l). What is the greatest common divisor of 15 and u?
15
Let w = 1 + -13. Let q = -7 - w. Suppose -2*h + 48 = q*u, -25 = -h - 0*u - 3*u. Calculate the greatest common factor of 76 and h.
19
Let v be (88/10)/((-12)/(-30)). Let m(q) = -10*q. Let p be m(1). Let l be ((-55)/p)/((-2)/(-12)). Calculate the greatest common factor of l and v.
11
Let p(g) = g**3 + 8*g**2 - 21*g + 15. Let z be p(0). Let d be 5254/14 + (-4)/14. What is the greatest common divisor of z and d?
15
Let w(f) = 33*f**2 - 46*f + 287. Let p be w(5). What is the greatest common factor of 12642 and p?
294
Suppose -c + 4*b = 603, -4*c - 3740 = -4*b - 1364. Let j = 679 + c. What is the highest common factor of j and 8?
8
Let c be (-56480)/(-60) + 50/(-15). What is the greatest common divisor of c and 1005?
67
Let i = 10469 + -6157. Calculate the greatest common factor of i and 440.
88
Suppose -1217*u + 1149*u + 421600 = 0. Calculate the greatest common divisor of u and 80.
40
Let y = -8726 + 8743. Let t(p) = -p**2 - 13*p + 9. Let g be t(-7). What is the greatest common factor of y and g?
17
Let j be (-4)/6 - 16/(-6). Let p be (j*-34)/(-2) + -2. Suppose 0 = q - b - 28, -15*q = -12*q + b - 100. What is the highest common divisor of p and q?
32
Let o = 11 + -1. Let i(v) = -2*v**2 + 73*v + 265. Let c be i(39). What is the highest common divisor of o and c?
10
Let g(q) = 2 - 46 - 51 + 23 - 9*q. Let k be g(-9). Suppose -k*d + 1152 = -d. Calculate the greatest common divisor of d and 16.
16
Suppose 0 = 3*i + 3, y = -2*y - 2*i + 229. Let z be -1 + 3 - (1 - y)/2. What is the greatest common factor of 60 and z?
20
Let g(a) = 3*a**2 - 3*a - 2. Let v be g(3). Suppose d + 3*l + 2 - v = 0, 5*l = 3*d. Calculate the greatest common divisor of d and 115.
5
Let v = 22046 - 21726. Let h be 2 - 0 - (-2 - 6). What is the highest common factor of h and v?
10
Let s(y) = 2*y**2 + 19*y + 12. Let r be s(-9). Let g(i) = 4*i**2 - 6. Let c be g(r). What is the highest common divisor of c and 10?
10
Let g = 467 + -679. Suppose 56*x + 166 = 55*x - 3*z, 0 = 3*z + 18. Let o = x - g. What is the highest common factor of 16 and o?
16
Suppose -3*m + 0 - 12 = 0. Let k be m + 92 + 0 - -1. Let r = -75 + k. Calculate the greatest common factor of 112 and r.
14
Suppose 0 = -31*w + 22702 + 52256. What is the highest common factor of 1674 and w?
186
Let r = 448873 - 448797. Let l = 1080 - 548. Calculate the greatest common divisor of r and l.
76
Let g = -475 - -680. Suppose -s + 3*s + k - 15 = 0, -3*k = -3*s. Suppose -3*c - 26 + 266 = 2*u, 0 = s*u + 15. Calculate the highest common factor of c and g.
41
Let k = -11770 - -14902. What is the greatest common divisor of k and 96?
12
Let m = -8890 - -8907. Calculate the greatest common divisor of m and 6137.
17
Let c = 24 + -18. Let u be 3/c + (-834)/(-12). Let w(z) = 5*z**2 - 13*z. Let n be w(4). What is the greatest common divisor of u and n?
14
Suppose 3*g - 15 = 4*g. Let d = 17 + g. Let b be (-24)/(-9) - d/3. What is the highest common factor of 10 and b?
2
Let v be -1 - 21*(6 + -7). Let b(n) = 2*n**3 - 40*n**2 + n + 6. Let m be b(v). Calculate the highest common divisor of m and 130.
26
Let o be (1 + 1 - (-26)/(-4))/(((-6360)/48)/265). Let a = 238 + -121. What is the highest common factor of a and o?
9
Let o(c) = 7*c - c - c - c + 48. Let f be o(0). What is the highest common divisor of 84 and f?
12
Suppose 0 = 399*g - 341*g - 19836. Calculate the greatest common divisor of g and 418.
38
Let k = -14280 - -14352. Calculate the greatest common divisor of k and 276.
12
Let h = -11991 + 12003. Suppose 0 = 3*i - 8*i + 100. Calculate the highest common factor of i and h.
4
Suppose -4*s + 13564 = 2*b, -3*b - 7625 = -5*s + 9352. Calculate the highest common factor of s and 117.
117
Let q be 0 + -2 + 3 - 1. Let c = q - 0. Let x(f) = 2*f**2 + 32. Let b be x(c). Calculate the highest common factor of 4 and b.
4
Let v be (26/10 - 3) + 54/10. Suppose v*u - 164 = 3*u. Let w = u - 54. Calculate the greatest common factor of w and 308.
28
Let u be (-1 - 7)*380/(-304). Suppose 3*x = -l + 41, 5*l = u*x - 5*x - 75. What is the highest common factor of x and 182?
14
Let z = -18002 + 22049. What is the greatest common factor of z and 456?
57
Suppose -39*n - 45*n + 31997 = -10507. What is the greatest common divisor of n and 1794?
46
Let g = 52 + -24. Let x(j) = j. Let h(w) = 38. Let m(y) = h(y) - 8*x(y). Let f be m(-4). What is the highest common divisor of f and g?
14
Let s(g) be the second derivative of -g**4/12 - 5*g**3/6 + 3*g**2/2 - 31*g. Let t = 35 - 39. Let f be s(t). What is the highest common factor of f and 1?
1
Let v(s) = 104*s - 285. Let m be v(3). Suppose -m*c - 720 = -39*c. Let h(z) = 12*z**2 - z + 1. Let w be h(1). What is the greatest common divisor of w and c?
12
Suppose 5*c = 4*s + 56 + 294, -5*c + 320 = 2*s. Let a = -74 - -85. Calculate the highest common divisor of c and a.
11
Suppose -h = -5*h + 2304. Suppose z = -4*t + 293, 236 = 3*t + 9*z - 5*z. Calculate the greatest common divisor of h and t.
72
Suppose -2*m = 4*n - 8, -8 = -2*m - n - 2*n. Let t = m + 26. Let w(u) = -30*u. Let o be w(-1). Calculate the highest common factor of t and o.
30
Let b be 7/21*-3 + (20 - 3). Suppose 2*g = 319 + 193. What is the highest common divisor of g and b?
16
Suppose -s = -4*g - 7, -3*s - 1 = -2*g - 12. Suppose -s*w + w - a + 55 = 0, 0 = -4*w + 2*a + 130. What is the highest common divisor of w and 555?
15
Suppose 2*r + 5*p = 84 - 25, 0 = 3*r + 5*p - 71. Calculate the greatest common divisor of r and 11604.
12
Let c = 103 + -112. Let p be 4/(12/(-15)) - c. Calculate the greatest common factor of 36 and p.
4
Let s(q) = 151 + 25*q + 7*q**2 - 306 - 3*q**3 + 161. Let x be s(-4). Let n(k) = k**2 - 2*k. Let r be n(5). Calculate the highest common factor of x and r.
15
Let h(j) = 45*j - 9. Let i be h(8). Suppose -4*n + 7*n = i. Suppose 5*s + 3*v = 4*s + n, 0 = 5*s + 5*v - 615. What is the greatest common divisor of 18 and s?
18
Suppose -3117 = -16*g + a, 5*g + 4*a = 6*a + 969. Let v = -24 - -39. Calculate the greatest common divisor of g and v.
15
Let w be 10/2 + -16 + -4. Let x = 63 + w. What is the highest common factor of 240 and x?
48